 - -13 - (30 + (5 - 10))).
-20
What is the value of 8006 + -7927 - (149 - 1)?
-69
Evaluate 7537 + -7530 + 0 + 0 + -26 + 6.
-13
What is the value of -29 - -2 - (20 + -27 + -11)?
-9
Calculate -11 + 6 + (6 - 1) - -6 - 13.
-7
Evaluate -8 + 4 + (-9 + (-3 - -3) - (-19 + 9)).
-3
Evaluate -31 + 8 + -14 + 38 - 62.
-61
What is 15 + 4 - -4 - (562 - 573)?
34
What is (50 - (12 - 3) - -5) + (-5 - 5)?
36
What is 15 - ((-69 - 41) + 144)?
-19
Calculate (-24 - -26 - (102 + -2 + -3)) + (1 - 0).
-94
What is the value of 4 + -39 + -2 - (2 - -1 - (321 + -318))?
-37
What is -2 + -5 + (112 - -4 - 44) + 1 + -2?
64
Evaluate -68 + -12 + (-19 + -1 - -26 - -16).
-58
What is the value of 56 + (1 - -1) + 0 + 26 + -12 + -21?
51
What is the value of 15 + (0 + 3 + -17 - -12 - 8) - 72?
-67
What is the value of 34 + (-7 + -8 + 1 + 118 + -112 - -11)?
37
What is (2990 - 3196) + (86 - 1)?
-121
22 + (-125 + 23 + -43 - 2)
-125
Evaluate (3 + (2 - 3) - 5) + 48 + -49 - -12.
8
Evaluate -26 - 11 - -22 - -13 - (-63 + 1).
60
(-31 + 35 - -1) + -2 + 21
24
What is the value of 6 - 0 - (25 - 30 - 31)?
42
Evaluate (22 - (24 - 23) - 9) + -17.
-5
Calculate -18 + 0 - (98 + 94 - 128).
-82
Evaluate 22 + (23 + (-14 - 10) - -18).
39
Calculate -11 - ((-91 - -58) + 53 + 31 + 0).
-62
What is (6 - 9) + 20 + -3 - (16 + 19 - 24)?
3
What is the value of 0 - 0 - (-69 - (25 - 51))?
43
Calculate -40 - (15 + (-24 - 10 - -14)).
-35
(2 - (2 + 0)) + -33 - (987 + -997)
-23
What is the value of -21 - (-11 - (21 + -32 - (-9 - 6)))?
-6
Evaluate (16 - (4 - 4)) + 2 - (-702 + 687).
33
58 + 16 + (151 + -146 - (-2 + 13))
68
What is 17 + (9 - 10) + -43?
-27
Calculate (5171 - 5225) + 11 + -2 + 1.
-44
What is the value of (-71 - -79 - (11 + -1 - -1)) + (-24 - -4)?
-23
What is the value of (-30 - -4) + 51 + -59?
-34
Evaluate (12 - (0 - -2)) + -84 - (-7 - 1).
-66
-15 - -2 - (25 + -13 + -25 - 18)
18
What is the value of -2 - (2 - 9) - ((120 - 108) + -9 + 0)?
2
6 + -5 + 3 + (-35 - 0) + (-11 - -19)
-23
Calculate 0 + (11 - 2 - -10) - (-19 + 18 + -7).
27
Evaluate 51 + 36 + -34 + 12 - 28.
37
-58 - (21 + -64 + 70)
-85
What is the value of -57 - (-105 + 55 + -28 - -40)?
-19
4 - 3 - -4 - (19 - 89 - -16)
59
What is 7 - ((22 - 32 - 48) + 25)?
40
What is the value of (358 - 394) + 57 + -3?
18
Calculate (-3 - 8) + 53 + (44 - 49) + (7 - -1).
45
What is 12 - (-15 - (-80 - -5 - -3)) - 7?
-52
What is -3 + (-7 - -4) + 61 - (-17 - (-11 + 3))?
64
(3 + 17 + -37 - -80) + -10 + (-5 - -1)
49
Calculate (3 - -27) + -180 + 47 + 80.
-23
What is (1 - 75) + 5 + 3 + 6 + -9 + 1?
-68
24 + (26 + -42 - 14) - 9
-15
Calculate 27 + (1 - 54) + 8.
-18
Calculate (8 - -5) + -32 + 32.
13
Evaluate 34 - 1 - (50 + -227 - -151).
59
What is the value of -24 + (25 - 21) + 60?
40
-5 - (16 - (-2 + 4 + -8))
-27
Evaluate (-104 - -84) + 112 - (-4 + -40).
136
What is the value of (5 - -6) + (0 - -7) + 3 + 2 + 1?
24
What is the value of -2043 + 2036 - (-33 + 5 + 4)?
17
What is the value of (-17 - 21 - -19) + 4 - -59?
44
What is 0 + 2 - (954 - 957)?
5
What is the value of 8 + -33 + -12 + 17?
-20
Evaluate 8 - (-49 + -4 + 13 - (3 + -15)).
36
Calculate (-43 - (-51 + -10)) + -51.
-33
What is (11 - 56) + 27 - (-59 - -77)?
-36
Calculate 6 + -15 - (-6 + -99) - ((12 - 6) + -5).
95
Evaluate 49 + -73 - -24 - (-2 + (-89 - -1)) - 5.
85
What is 8 + (7 - 10 - 2) + 11 + 3?
17
Calculate -16 + (4 - -12) + -58 + 54 + -35.
-39
110 - 67 - (11 - (3 + -2 - -1))
34
Calculate (-4 - (6 - 1)) + -24 + -32 + -16 + -25.
-106
Calculate -153 - 69 - -121 - -212.
111
Evaluate -9 - ((-1 - -16) + 18) - (-3 + 13).
-52
What is the value of -31 + (25 + 59 - 41)?
12
What is -91 - (-29 + 92 - 29) - -13?
-112
Evaluate (19 - -143) + (-9 - 0) + -4 + -5.
144
What is the value of (-5 - 0) + -24 + (13 - -31) - -2?
17
What is the value of 84 + (-75 - -97) - 55?
51
(-16 - -31) + 51 + (-4 - 14)
48
(-453 - -457) + 8 + -1 - (-13 - 0)
24
What is the value of (-22 + -6 + 5 - -15) + 3?
-5
Calculate -18 - (-13 - (-14 + 3) - (121 + 2)).
107
Evaluate 69 + -57 + -29 + 27.
10
Evaluate -87 + 1 + (-5 + 31 - (3 - -51)) + 13.
-101
Evaluate (23 - 28) + (4 - -1 - (-62 - -68)).
-6
-77 - (-2 + 0) - (14849 + -14831)
-93
What is 14 - (14 + -7 + -25) - 2 - (-1 + 4)?
27
(86 - (29 + 42)) + (0 - 1) + -119 - -10
-95
(-2 - -11) + -6 + -14 + -1 + -61
-73
What is -23 + (-26 - (13 - 79) - 16)?
1
(7 - (-8 - -20)) + -4
-9
What is the value of -6 + 17 - 0 - (-1 - (-19 + 8) - 21)?
22
What is the value of -97 - (-10 - (-31 + 16 + -6 - -12))?
-96
Calculate -23 + -1 + 186 + -171 - (4 - 98).
85
What is the value of -11 + (-10 - (-33 + 18)) + -10?
-16
What is -52 + (-4 - -7) + (-1 - 0 - (638 + -639))?
-49
Calculate (87 - 70) + -16 + 34.
35
What is -23 + 1 - (36 - (60 + -33))?
-31
Calculate -59 + (-31 - -38) + 73.
21
What is the value of 5 - (5 + (0 - -3) - (-4 + 26))?
19
What is the value of (9 - 61 - -38) + 31 + -4 - (-53 - -1)?
65
What is (17 + (2 - 4) - 3) + -13 + 14?
13
What is -135 - -54 - -127 - (1 - 0)?
45
Calculate (15 + -27 - -18) + 4 - -1.
11
What is 36 + 15 + -31 + -33 - (4 + -1 + 0)?
-16
-75 - -195 - (0 - (5 - (7 - -7)) - 0)
111
Calculate 96 - 28 - -86 - 97.
57
Calculate -8 + 28 + (-19 - (8 - -20)).
-27
What is (-59 - -44) + (235 - 135)?
85
What is 10 - 136 - (547 + -656)?
-17
What is -152 - (197 - 188 - (-1 - 3 - -4) - 15)?
-146
(-7 + (-8 - 4) + 7 - 0) + 5 - -11
4
Calculate -1 + 28 + 670 + -657.
40
What is the value of 31 - (-22 - -28) - -14?
39
Evaluate -73 + 4 + 12 + (-1 - (15 - 10)).
-63
Evaluate 108 - 192 - 35 - -129.
10
What is the value of 1 - -3 - (3 - (-24 + 45 + 28))?
50
What is -35 + 91 + (14 - 2) + 23?
91
9 - 9 - (-26 - -12 - 1 - -66)
-51
-44 + -29 + (38 - -19)
-16
-26 + 11 + 16 - (-49 - -43)
7
Calculate 21 + -33 + -33 + 11.
-34
What is (1 - -87) + -17271 + 17182?
-1
What is -2 + -33 - -28 - (18 + (-7 + 5 - -3))?
-26
Evaluate -23 + (-156 - (9 + -56)) - 1.
-133
Evaluate -34 + (40 - (18 - 58)).
46
What is the value of -5 + -1 - (20 - (20 + (16 - 9)))?
1
What is 4 + (0 - 21 - -7) - -110?
100
What is the value of -5 - ((-201 + 187 - -17) + (0 - (13 + 1)))?
6
9 + (3 - -23) - 35
0
17 + 4 + (-5 - ((7 - 18) + 7))
20
Evaluate -41 - -7 - (-53 - -63).
-44
What is (8 - (14 - (-1 + 1) - 4)) + -25?
-27
What is the value of -60 + 66 - (-4 + -4 + 5) - -1?
10
What is 10 - 9 - 42 - -3?
-38
What is (3809 - 3773) + (-14 - (1 - -1))?
20
-1 + -6 + 8 + -10 + 35
26
Evaluate 12 + 0 + -9 + (-7 - 54).
-58
Calculate (6 - 2) + -1 - (-447 + 530).
-80
What is the value of -18 + (-71 - (58 + -105))?
-42
What is -3 - (-15 + 11 - (-14 + (-10 - -20)))?
-3
(12 + -13 - -4 - 8) + (1 - -3) + 1
0
Calculate 1 + (1 - 1) - (9 + (28 - -19 - 19)).
-36
Calculate 676 + -673 - ((3 - (5 + 1)) + -77).
83
What is the value of -75 + (-2 + 2 + -1 - -17 - (4518 - 4500))?
-77
Calculate 4 + -41 + -12 - -71.
22
What is the value of (3 + 0 - 5) + 104 + -58 + -41?
3
What is 13 - (1264 + -1302 + 1 + 89)?
-39
Evaluate (4 - 11) + 1 + 7 + -3 + 33 + 2.
33
Evaluate 52 + -146 - (61 - 63).
-92
Evaluate (12 - (10 + (17 - 26))) + 1 + 64.
76
What is the value of (250 + -119 - 47) + -66?
18
Calculate 9 - 4 - ((14 - 25) + 2 + 113).
-99
Evaluate -83 + (5 - -83 - 34).
-29
What is the value of (-10 - -7) + (18 - 27) + 3 - (15 + 26)?
-50
(-31 - -20) + 54 + -24 + (-102 - -2)
-81
31 + -61 - -34 - 11
-7
(1 - 0 - 3) + (303 - (406 - 140))
35
What is the value of 247 - 241 - (-2 + (-7 - 3 - 1) + 2)?
17
Evaluate (-17 - -106 - 28) + -40.
21
Calculate (36 - 0) + 1 - (8 - -12 - (2 + 8)).
27
1 + 14 + -13 + 8 + -48
-38
-14 + 13 + (1 - 7) - (-7 + 5)
-5
Calculate (3 + -10 - -18 - 11) + 33.
33
Calculate (-24 + 13 - 3) + (5 - 0) + (-43 - 1).
-53
Calculate 7 + -16 - -51 - (11 + -4).
35
Evaluate (-14 - (-32 + 13) - (-56 + -1)) + 39 + -42.
59
Calculate -12 - (-63 + 65 + (-17 - (5 + 1 + -11))).
-2
What is -6 - ((1 - -7) + -2 + (23 - 76 - -45))?
-4
Evaluate -21 - (-11 + (34 - 25) + 7).
-26
Evaluate -13 + 0 + (57 + -36 - 119).
-111
Evaluate -7 + -1 + 11 - 9 - (-369 - -374).
-11
(-60 - (-29 + 13 + (-8 - -17))) + 2
-51
Evaluate (-1 - -11) + 35 + -65 + (7 - -3) + -4.
-14
What is 2 + 49 + (-2 - 39 - -20)?
30
Calculate 41 + (-6 + 3 + -5 - -2 - 5).
30
Evaluate 6 + -4 - (70 - 69 - (11 - 0)).
12
What is the value of -14 + 0 - -11 - (-18 + 24)?
-9
Calculate 4 - (5 + 21 - ((-2 - 4) + 3)).
-25
What is the value of (-26 - -2) + (123 - 154)?
-55
What 